y(w). What is d(7)?
9
Let l(o) = 16 + 13 + o + 8 - 15. What is l(0)?
22
Let o(s) = -s**2 - 8*s - 7. Let p be o(-7). Let x(h) = -h**2 - h + 43. Calculate x(p).
43
Let j(t) = t + 12. Let a(y) = 31. Let o(r) = a(r) - 3*j(r). Let k = 9 + -13. Determine o(k).
7
Let c(h) = -h**2 - 9*h - 5. Suppose 0 = 5*w + v + 22, -w - 12 = -14*v + 18*v. Give c(w).
15
Let o(j) = j**2 + 6*j + 7. Let h be (-1)/((0 + (-3)/(-6))/2). Determine o(h).
-1
Let t(i) = 4*i. Let b(z) = 15*z + 1. Let v(q) = b(q) - 4*t(q). What is v(9)?
-8
Let l(p) = -p**3 - 37*p**2 - 132*p + 16. Let w be l(-33). Let x(i) = -i**3 + 15*i**2 + 16*i + 18. Calculate x(w).
18
Let h(n) = -2*n**2 + 10*n - 5. Let y(a) = a**2 - 5*a - 77. Let v be y(12). Calculate h(v).
-33
Suppose -5*f = 4*w - 34, 0 = -w - 0*w + 1. Let l(m) = -m + 12. Let c be l(9). Let k(a) = 9 - 3*a**c + 0*a + 2*a**3 - 7*a + 7*a**2. Calculate k(f).
3
Suppose -4*f + 3*c = -69, 9*f - 3*c = 4*f + 87. Let a = f + -19. Let p(o) be the first derivative of 2*o**3 - o**2/2 + 1. Give p(a).
7
Let y(d) = -d**3 - 7*d**2 - d - 6. Let m be 9*(3 + -4) - -2. Determine y(m).
1
Let d(g) be the first derivative of g**3/3 - 6*g - 1. Suppose -2*p + 7 = b, 4*p - 31*b + 27*b - 32 = 0. Give d(p).
19
Let q be 1*-1*1*0. Let t = -19 + 15. Let l be -2*t/(-8)*q. Let k(b) = b**3 + b**2 + b - 7. Determine k(l).
-7
Let t(j) = -3*j**2 - 19*j + 4. Let r be (-1 - -2)*(-3)/1. Let n be -8 - (r + 6/2). Let m(z) = -5*z**2 - 29*z + 6. Let w(h) = n*t(h) + 5*m(h). What is w(6)?
4
Let i(d) = d**3 - 5*d**2 - 4*d - 7. Let l(t) = -t**2 - 9*t + 16. Let z be l(-10). Let o be i(z). Let v(s) = s**3 - 5*s**2 - 3*s + 7. Determine v(o).
-8
Let k(i) = 7*i + 44. Let v be k(-6). Suppose 9*t - 4*n = 6*t - 13, -v*t = -5*n + 18. Let x(s) = -29*s**2 + 1. Give x(t).
-28
Let w(q) = -q**3 + 15*q**2 - 16*q + 25. Let i be w(14). Let s be (3 - (0 - i)) + -2. Let u(j) = 3*j**2 - j - 2. What is u(s)?
12
Suppose 5*f - 2*i - 33 = 0, f - i + 15 = 3*f. Let n(c) = -c + 8. Determine n(f).
1
Let a = 167 - 168. Let y(h) = -h**2 + 5*h**3 + 0*h**2 + 0*h**3. Let f be y(a). Let c(j) = -2*j - 8. Give c(f).
4
Let y(q) be the first derivative of -q**6/180 - 14*q**3/3 + 10. Let x(g) be the third derivative of y(g). What is x(2)?
-8
Suppose 22*d - 3*c = 17*d - 81, 2*c = 4. Let s(y) = y**3 + 16*y**2 + 14*y - 19. Give s(d).
-4
Let j(z) = 65*z**2 + 0*z + 2*z - 3*z - 77*z**2 - 1. Give j(-1).
-12
Let c(j) = j**2 - j - 4. Suppose -5*p = -3*q - 115, -2*p = -p - q - 23. Let a(d) = 11*d - 7. Let f be a(3). Let t = p - f. Give c(t).
8
Let z(o) = 9*o - 37. Let h(b) = -20*b + 76. Let w(i) = -4*h(i) - 9*z(i). Determine w(0).
29
Suppose -u = 4*u - 20. Let n(w) = -6*w + 0*w - w**2 - w + 11 - u. Let l = -13 - -6. Calculate n(l).
7
Let b(y) = -5*y + 5. Let o(j) = 2*j**2 - j + 1. Let h(g) = -b(g) + 3*o(g). Give h(1).
6
Let r(d) = -d + 7. Let z(u) = 2*u**2 - 6*u + 1. Let a be z(4). Let j = 21 - a. Suppose 0*x - 2*x = -j. Give r(x).
1
Let r(a) be the third derivative of -a**6/120 + a**5/12 - a**4/8 - 2*a**3/3 - 143*a**2 - 2. What is r(3)?
5
Let b(t) = -t**2 - 3*t + 2. Suppose 4*y - 19 = 5. Let u(n) = -n**2 - 4*n + 2. Let c(o) = y*b(o) - 5*u(o). Give c(3).
-1
Let z(l) be the second derivative of -l**5/20 + 2*l**4/3 + 5*l**3/6 - 9*l**2/2 + 136*l. What is z(9)?
-45
Let y(k) = -4*k**2 + 5 + k**2 + 0*k**2 + 9*k + 4*k**2. Determine y(-9).
5
Let z(f) = f - 2 + 0*f - 2*f. Let r be ((-4)/(-6))/(2/(-12)). Calculate z(r).
2
Let w(k) = -k**2 + 2. Suppose -5*r = -5*t + 75, 6*r - r = -5*t - 105. Let c = r + 20. Let h = 1 + c. Give w(h).
-7
Suppose -8*x + 7*x = 2*h - 6, -4*h = -2*x - 12. Let s(l) be the third derivative of -2/3*l**3 + 1/24*l**4 - 2*l**2 + 0 + x*l. Determine s(5).
1
Let y(g) = g**3 + 6*g**2 + g + 5. Let o = 1471 - 1477. Give y(o).
-1
Let x(q) = -q**3 - 3*q**2 + 7*q. Let k = -65 - -60. Determine x(k).
15
Suppose -6*f + 68 = 26. Let c(i) be the first derivative of -i**4/12 + 4*i**3/3 - 5*i**2/2 + 5. Let h(u) be the second derivative of c(u). Give h(f).
-6
Let z(a) = -3*a + 34. Suppose 49*i = 53*i - 3*f - 23, 0 = -4*i + 5*f + 17. Determine z(i).
10
Let z be 1768/260*5/(-2). Let w(g) = -g**3 - 16*g**2 + 17*g - 13. Give w(z).
-13
Let n(w) = w**2 + 9*w - 4. Suppose b - 219 = -5*m, -2*b + 59 = 5*m - 159. Suppose 0 = 9*a + m + 19. What is n(a)?
-18
Let c(s) = -s**3 + 11*s**2 - 10*s - 5. Let z = 977 + -967. Determine c(z).
-5
Let d(k) = k**3 + 6*k**2 - 17*k - 13. Let g be d(-8). Let j(i) = i**2 - 2 - i + 7 + i**3 + 3*i**2. Determine j(g).
-15
Suppose 0 = t + 3, 5*b + t + 33 = -0*b. Let h(u) = -u**3 - 5*u**2 + 5*u + 1. Determine h(b).
7
Let j(q) = -q**3 - 6*q**2 + 5*q - 5. Let r be ((-6)/18)/(1/18). Give j(r).
-35
Suppose -7*t + t = -12. Suppose -3*d + 5 = t*d. Let x be (-84)/(-24)*(d + -3). Let y(k) = k + 7. What is y(x)?
0
Let n(s) be the second derivative of -s**3/6 + 5*s**2 + 5*s - 1. Suppose -3*q + 18 = 3. What is n(q)?
5
Let a(j) = -j + 13. Let h be a(10). Suppose h*i - r = r + 21, -5*r - 35 = -5*i. Let z(q) = 17*q - 2 - 27*q + 11*q. What is z(i)?
5
Suppose -526 = -18*u - 310. Let o(k) = k**2 - 10*k - 7. Calculate o(u).
17
Let n(f) = 5*f**2 + 2*f + 1. Let w(i) = i**3 + 8*i**2 + 15*i + 54. Let h be w(-7). What is n(h)?
17
Let b(n) = 2*n - 1 + 4*n + n**2 - 4*n. Suppose -11 = 18*r + 61. Calculate b(r).
7
Suppose -11*a - 15*a = -52. Let i(f) be the second derivative of 0 - 3*f**a + 1/12*f**4 + 1/2*f**3 - 4*f. Give i(-5).
4
Let b(d) be the first derivative of -2*d**3/3 - d**2 + d - 1. Let h(g) = g + 20. Let p be h(-6). Suppose -p = -3*c - 4*c. Calculate b(c).
-11
Suppose -50*k = -45*k + 80. Let v be (k/(-6))/(4/6). Let y(g) = g**2 - 5*g - 4. Give y(v).
-8
Let x be 0/2 + 0 - -4. Let m(k) = -k**3 + 15*k**2 - 2*k + 1. Let b(v) = -2*v**2 - v + 1. Let n(s) = -5*b(s) - m(s). Determine n(x).
6
Let k(c) = -13*c**3 + 6*c**2 - 6*c + 13. Let o(l) = 24*l**3 - 12*l**2 + 12*l - 23. Let i(q) = 11*k(q) + 6*o(q). Give i(4).
-3
Let r(z) be the second derivative of z**4/24 - 2*z**3/3 + 3*z**2/2 + z. Let o(v) be the first derivative of r(v). Suppose 6*k = -9*k + 45. Give o(k).
-1
Let g(x) = 13*x**2 + 7 - 6*x**2 + 13*x - 6*x - 911*x**3 + 912*x**3. Determine g(-6).
1
Let y(d) = 0 - d**2 - 3*d**2 + 3*d**2 - 4 - 19*d. Let w be y(-19). Let f(j) = j**3 + 3*j**2 - 6*j - 2. Give f(w).
6
Let q(b) = -b - b - 117 + 7*b + 114 - b + b**2. Determine q(-7).
18
Let p = 985 - 59099/60. Let j(z) be the third derivative of 5*z**2 + 0*z**3 - p*z**5 + 1/4*z**4 + 0*z + 0. Calculate j(6).
0
Suppose -90 = 13*j - 58*j. Let y(i) be the third derivative of j*i**2 + 1/60*i**5 - 1/12*i**4 + 0*i + 0 - 1/2*i**3. Calculate y(-2).
5
Let y(a) be the first derivative of -a**4/2 + 2*a**3/3 + a**2 + a - 632. Determine y(3).
-29
Let c(f) = -6*f**2 + 11*f**2 + 13*f - 6*f - 6*f**2 + 1. Calculate c(6).
7
Suppose 3*n - 5*a = 4, 9 + 23 = 3*n + 2*a. Let l = n + -5. Let k(v) = -v**2 + v - 3. What is k(l)?
-9
Let l(f) = -f. Suppose -5*j = -3*a - 99 - 33, -2*a + 88 = 4*j. Let y = -23 + j. Give l(y).
-1
Let u = 22 - 22. Suppose 6*j - 8*j = u. Let x(n) be the first derivative of -n**4/4 - n**3/3 + 10*n + 1. Give x(j).
10
Let b(g) = g**2 + 2*g + 5. Let m be b(-3). Let d(a) = 7 + m*a - 30*a + 21*a. Determine d(0).
7
Let i = 87 + -86. Let s be (-3)/(-1) - -1 - i. Let n(k) = k**3 - 2*k**2 + k - 3. What is n(s)?
9
Suppose -3 = 3*g + 5*z - 24, 4*g - 2*z = 54. Let k(a) = 11*a - a - g*a. Give k(-3).
6
Let n = 224 + -160. Let f = -39 + n. Let c = f - 23. Let h(z) = 7*z - 3. Give h(c).
11
Let v(r) be the second derivative of -1/10*r**5 + 0 + r**2 + 0*r**3 - 1/4*r**4 + 6*r. Calculate v(-2).
6
Let a be (1/4 + 2)/((-21)/(-112)). Let s(p) = -28 + 59 - 32 - a*p. Calculate s(-1).
11
Let h(o) = -o - 4. Let u(m) = -4*m - 14. Let z(j) = -6*h(j) + 2*u(j). Let w = -16 - -11. What is z(w)?
6
Let z(c) = 2*c - 1. Let v(d) = d**2 - 27*d - 25. Let f be v(28). Calculate z(f).
5
Let q be -2 + 9/3 + 3. Let v(d) = d - 6. Let a(b) = -2*b + 13. Let s(r) = -2*a(r) - 5*v(r). What is s(q)?
0
Let f(x) = -41*x + 24*x + 13*x + 3. Give f(-2).
11
Let t(u) be the third derivative of -u**4/12 + 19*u**3/6 + 85*u**2. Give t(9).
1
Let h(o) = -o**2 + o + 3. Suppose -5*k + 22 + 8 = 0. Suppose -3*j = -7*j - k*j. Calculate h(j).
3
Let y(d) = -15 - 5 - 3*d - 1. Let n be y(-9). Let t(q) = -3*q**2 + 4*q + 10. Let f(w) = 10*w**2 - 12*w - 31. Let z(a) = 2*f(a) +